Let k be (u/(-70))/((-4)/14). What is the greatest common divisor of 144 and k?
18
Let u(b) = -2*b**3 - 22*b**2 - 3*b + 7. Let o be u(-11). What is the highest common divisor of o and 216?
8
Let b = 41 - 15. Suppose -o - 1 = f + f, 4*o = -2*f + b. Calculate the greatest common divisor of o and 81.
9
Let r(m) = 26*m + 8. Let o be 4 - (0/(-4))/1. Let n be r(o). What is the highest common factor of n and 16?
16
Let v = -104 - -147. What is the highest common factor of 129 and v?
43
Let j(z) = z**2 - 3*z + 13. Let p be j(6). Suppose -t - 51 - p = 0. Let i be t/(-10) + (-5)/25. Calculate the highest common divisor of i and 8.
8
Suppose i - 4*i + 89 = u, -2*u = 2. Let k = i - 18. Suppose 2*r - 22 = -j, r - 3*r + 4*j = -32. What is the greatest common factor of r and k?
12
Suppose 0 = 2*h + 16*h - 828. Calculate the greatest common factor of h and 414.
46
Suppose 0 = i - 2*g - 32, -2*g = 5*i - i - 128. Suppose 10 = w - i. Calculate the highest common factor of w and 18.
6
Suppose 5*j = -5*b + 10, j = -j + 5*b + 39. Calculate the highest common factor of j and 112.
7
Let a be (-12540)/(-352) - 3/(-8). What is the greatest common factor of 228 and a?
12
Suppose l + 282 = 91*q - 86*q, -162 = -3*q - 3*l. What is the highest common factor of q and 126?
14
Let p be (9/12)/(12/80). Let m = p + -33. Let u = 116 + m. Calculate the greatest common factor of u and 8.
8
Suppose 0 = 4*m + c - 12 - 555, -4*c = 4*m - 552. Let k be (2 - -1) + 12/(-4). Suppose k = -2*u + 3*u - 13. What is the greatest common divisor of m and u?
13
Suppose -833 = -4*r + 267. Calculate the greatest common factor of 75 and r.
25
Let z be 7/((-176)/(-56) + 6/(-2)). What is the highest common divisor of z and 343?
49
Let a be 1/((18/4)/9). Suppose -4*b - p = -60, p - 6*p + 30 = a*b. What is the highest common factor of b and 30?
15
Let c be (-2)/(-7) - 92/28 - -186. Let z = -105 + c. What is the greatest common factor of 117 and z?
39
Let x(l) = l**3 - 7*l**2 - 5*l - 8. Let t be x(8). Suppose 2*c - t = 2. Let i = c + 6. What is the highest common divisor of i and 75?
15
Let w(g) = -g**2 + 13*g - 16. Let v be w(10). Calculate the highest common factor of 2 and v.
2
Let d be (-3)/12 + ((-194)/(-8) - 4). Let q = d + 64. What is the greatest common divisor of 12 and q?
12
Suppose 7*t + 3 = 38. Calculate the highest common divisor of t and 30.
5
Let g(v) = 16*v**2 - 14 + 3*v**2 - 4*v**2 + 3*v**2 - v**3 - 13*v. Let b be g(17). What is the highest common factor of b and 27?
27
Let u = -276 - -401. Let h(f) = 0 + 0 + 2*f**2 + 10*f - 3*f**2 + 1. Let j be h(6). Calculate the highest common divisor of j and u.
25
Suppose 3*b - 20 = -2*b. Suppose -3*s = -6*y + 3*y - 78, 0 = 5*y + 5*s + 170. Let f be (-4)/(-10) + (-108)/y. Calculate the greatest common divisor of f and b.
4
Suppose -85 = 8*w - 165. What is the greatest common divisor of w and 95?
5
Suppose -3*y = -0*o - 5*o - 38, 5*o = 2*y - 32. Let p(j) = -j**3 + 7*j**2 - j - 2. Let k be p(y). What is the highest common divisor of k and 112?
28
Let z = -23 + 66. Let x = 73 + z. Calculate the greatest common divisor of x and 29.
29
Let q be (-18)/4*(-8)/36. Calculate the highest common divisor of 7 and q.
1
Suppose x + 9 = 20. Let s(k) = 12*k**2 - k - 6. Let r be s(3). Calculate the highest common divisor of r and x.
11
Let c = 50 + -10. Let v = -337 - -342. Calculate the greatest common divisor of v and c.
5
Let r(c) = -7*c + 45. Let o be r(6). Suppose 4*n - 4*t = -12, 0 = -4*n - n + t + 1. Calculate the highest common factor of n and o.
1
Suppose 0 = -10*x + 3*x + 21. Let h be ((-121)/(-33))/(1/x). Let i = 252 + -131. What is the highest common divisor of h and i?
11
Suppose h + 2 = 0, 5*f + 5 = 4*f - 3*h. Let s = 22 + -21. What is the highest common factor of f and s?
1
Let w(y) = 164*y**2 - 4*y + 2. Let m be w(1). Suppose 0 = -6*v - 3*v + m. What is the highest common factor of v and 36?
18
Let z be (-1 - (-6)/9)*-6. Suppose -y + 62 = 3*y - z*n, -2*y + 3*n + 33 = 0. Suppose g = 0, -3*u + g = -3 - 42. What is the highest common factor of u and y?
15
Let x be 7/((-133)/(-323))*(58 - -1). Calculate the highest common factor of 17 and x.
17
Let l be (-1)/8*2 + (-34)/(-8). Suppose g - l = 0, -5*u + 2*g + 29 = -2*g. Calculate the greatest common divisor of 6 and u.
3
Suppose -33*r + 8694 = 21*r. What is the greatest common divisor of r and 115?
23
Let b be -2 + 12*8/12. Let g be (-2124)/(-7) + b/(-14). Let x = g + -182. What is the greatest common divisor of 11 and x?
11
Let n(c) = c**2 + 12*c + 6. Let k be n(-12). Suppose -3*d - 1 + 10 = 0. Suppose 2*t - 5 - d = 0. What is the highest common divisor of k and t?
2
Suppose -3 = x - p, -5*p + 7 = -8. Suppose x = 4*u + 3*i + 7, 0 = 4*u - 2*i - 7 - 11. Calculate the highest common factor of u and 12.
2
Let q = -24 + 28. Suppose v + 2*v = -30. Let m be (-442)/v - (-5)/(-25). Calculate the highest common divisor of q and m.
4
Let j be (7/2)/((-12)/(-24)). Suppose 0 = 3*n + 3*d - 63 - 201, 258 = 3*n + 5*d. Let x = 154 - n. Calculate the greatest common factor of j and x.
7
Let w be ((-2592)/20)/(-6) - 2/(-5). Suppose -19*n = -w*n + 36. Calculate the greatest common factor of 156 and n.
12
Let m = 321 - 113. Let n = -34 - -34. Suppose -9*v + 15*v - 156 = n. What is the greatest common factor of v and m?
26
Suppose 3 = f - 37. Let s = f + 40. Let d = 20 + -10. What is the highest common divisor of d and s?
10
Let p = -3570 + 3642. Suppose 4*y + 7 = 39. Suppose -3*o + 16 + y = 0. Calculate the highest common factor of o and p.
8
Suppose 3*a - 726 = -5*t, 2*a = -4*t - 3*a + 573. Calculate the greatest common factor of t and 98.
49
Let w(d) = -7*d - 20. Let r = -29 + 23. Let x be w(r). Let s be x/(0 - (-2)/4). What is the greatest common divisor of s and 4?
4
Let t = 51 - 12. Let k = -26 + t. Let y = k + -7. What is the highest common factor of 2 and y?
2
Suppose l - 4*b = 58, 0 = l - 2*b - 107 + 39. Let z be 0/(-1) + (l - -2). Calculate the highest common divisor of z and 16.
16
Suppose -94*f + 92*f + 126 = 0. Let l = f + -61. Suppose 4*w - 60 = -12. Calculate the greatest common factor of w and l.
2
Suppose 2*r = -3 + 31. Let a be (2 + -1)/(1/70). Calculate the greatest common divisor of a and r.
14
Let g = -86 - -143. Let b be (-4)/8 - g/(-2). Suppose 9 = 4*c - 47. What is the greatest common divisor of b and c?
14
Suppose 0 = -6*s - 154 + 1618. Suppose -2*g = -s - 28. Calculate the highest common factor of g and 17.
17
Suppose -5*m = -0*m + t - 145, 3*m - t - 95 = 0. Calculate the greatest common factor of 870 and m.
30
Suppose -3*o = -5*n + 176, 52 = 3*n - 5*o - 60. Calculate the highest common factor of n and 544.
34
Suppose 1 = -4*a + 13. Suppose 8*p - 3*p - 35 = g, g - 3*p = -33. Let r = -24 - g. What is the highest common factor of r and a?
3
Let l be (-2)/(-8) - (-309)/(-4). Let a = l + 122. Let k(g) = 5*g**3 - 4*g**2 + 3*g. Let t be k(2). What is the greatest common factor of t and a?
15
Let v(x) = x**2 + 5*x + 3. Let u be v(-5). Suppose -g + 19 = u*m, 3*m + 5*g - 4 = g. Let f = 672 - 656. Calculate the highest common factor of f and m.
8
Suppose -9*f - 24 = -12*f. Suppose 5*d = -12 + 77. Let z = 27 + d. What is the greatest common divisor of f and z?
8
Let s = 70 + -77. Let o be s*(1 - 2/6*6). What is the highest common factor of 49 and o?
7
Let s(u) = u**2 + 5 - 3*u + 0*u - 1. Suppose -2*o + 9 = o. Let d be s(o). Calculate the greatest common factor of d and 36.
4
Let t be 20/(-8)*(-28)/(-35) - -35. Suppose q - 14 = -5*s + 3, s = -5*q + 13. Suppose 0 = -s*u - u + 12. Calculate the greatest common factor of u and t.
3
Let t be 3 + -2 + -1 + (4 - -452). Calculate the greatest common divisor of t and 171.
57
Suppose -6 = -3*z, 5*z - 44 = -2*t + 190. Let o = 457 - 257. Let g = o - t. What is the greatest common divisor of g and 8?
8
Let o be (-1 - 2)*(-156)/9. Let u be (-9)/6 + (((-483)/(-6))/7 - 6). Calculate the greatest common factor of u and o.
4
Let i be ((-52)/3)/(224/(-2520)). What is the highest common divisor of 150 and i?
15
Let x be (-194)/(-16) - 7/56. What is the highest common factor of x and 21?
3
Let x be 448/168*(9/(-2))/(-3). Let l = 32 - 4. What is the highest common factor of x and l?
4
Let p be 35*(-4)/60*-6. What is the highest common factor of p and 35?
7
Let g be 94/10 + (-39)/